e tens digit of 2288?
8
What is the tens digit of 13495?
9
What is the hundreds digit of 2376?
3
What is the hundreds digit of 1127?
1
What is the units digit of 68305?
5
What is the hundreds digit of 3782?
7
What is the hundreds digit of 21035?
0
What is the hundreds digit of 1802?
8
What is the units digit of 21349?
9
What is the hundreds digit of 7079?
0
What is the tens digit of 987?
8
What is the ten thousands digit of 54370?
5
What is the units digit of 3122?
2
What is the units digit of 17558?
8
What is the units digit of 25193?
3
What is the ten thousands digit of 17897?
1
What is the hundreds digit of 7099?
0
What is the units digit of 859?
9
What is the units digit of 1?
1
What is the hundreds digit of 1861?
8
What is the tens digit of 990?
9
What is the thousands digit of 2781?
2
What is the ten thousands digit of 32865?
3
What is the thousands digit of 93689?
3
What is the units digit of 724?
4
What is the units digit of 4106?
6
What is the units digit of 7545?
5
What is the units digit of 9087?
7
What is the tens digit of 13368?
6
What is the thousands digit of 16228?
6
What is the hundreds digit of 4425?
4
What is the hundreds digit of 79671?
6
What is the tens digit of 1988?
8
What is the units digit of 861?
1
What is the tens digit of 3161?
6
What is the hundreds digit of 1932?
9
What is the hundreds digit of 1101?
1
What is the units digit of 5389?
9
What is the units digit of 9476?
6
What is the tens digit of 141?
4
What is the hundreds digit of 90759?
7
What is the units digit of 764?
4
What is the thousands digit of 1558?
1
What is the tens digit of 25661?
6
What is the hundreds digit of 1221?
2
What is the units digit of 66805?
5
What is the hundreds digit of 25284?
2
What is the tens digit of 4052?
5
What is the units digit of 1872?
2
What is the hundreds digit of 58614?
6
What is the thousands digit of 2603?
2
What is the ten thousands digit of 22206?
2
What is the hundreds digit of 48938?
9
What is the ten thousands digit of 16177?
1
What is the hundreds digit of 6160?
1
What is the hundreds digit of 4963?
9
What is the hundreds digit of 328?
3
What is the thousands digit of 9639?
9
What is the units digit of 1063?
3
What is the units digit of 44153?
3
What is the units digit of 4915?
5
What is the ten thousands digit of 46915?
4
What is the units digit of 13991?
1
What is the hundreds digit of 18821?
8
What is the units digit of 1490?
0
What is the thousands digit of 86028?
6
What is the units digit of 345?
5
What is the ten thousands digit of 51442?
5
What is the tens digit of 35481?
8
What is the units digit of 1427?
7
What is the hundreds digit of 354?
3
What is the tens digit of 1367?
6
What is the thousands digit of 1509?
1
What is the hundreds digit of 388?
3
What is the tens digit of 52678?
7
What is the ten thousands digit of 96929?
9
What is the thousands digit of 19595?
9
What is the tens digit of 1510?
1
What is the hundreds digit of 1235?
2
What is the tens digit of 3038?
3
What is the units digit of 4742?
2
What is the hundreds digit of 823?
8
What is the units digit of 709?
9
What is the hundreds digit of 6092?
0
What is the hundreds digit of 9489?
4
What is the ten thousands digit of 76280?
7
What is the tens digit of 90224?
2
What is the units digit of 2136?
6
What is the thousands digit of 29260?
9
What is the tens digit of 69418?
1
What is the units digit of 2035?
5
What is the tens digit of 17919?
1
What is the hundreds digit of 106842?
8
What is the units digit of 312?
2
What is the units digit of 42?
2
What is the tens digit of 2177?
7
What is the units digit of 43691?
1
What is the hundreds digit of 415?
4
What is the hundreds digit of 1973?
9
What is the hundreds digit of 293?
2
What is the hundreds digit of 14631?
6
What is the thousands digit of 1487?
1
What is the ten thousands digit of 29993?
2
What is the hundreds digit of 25444?
4
What is the hundreds digit of 1523?
5
What is the ten thousands digit of 11232?
1
What is the hundreds digit of 3024?
0
What is the hundreds digit of 66129?
1
What is the ten thousands digit of 10954?
1
What is the tens digit of 11962?
6
What is the hundreds digit of 752?
7
What is the thousands digit of 87240?
7
What is the tens digit of 2307?
0
What is the hundreds digit of 1943?
9
What is the ten thousands digit of 13472?
1
What is the tens digit of 12444?
4
What is the units digit of 4547?
7
What is the hundreds digit of 7296?
2
What is the ten thousands digit of 29503?
2
What is the tens digit of 1437?
3
What is the tens digit of 1771?
7
What is the tens digit of 62503?
0
What is the tens digit of 25514?
1
What is the units digit of 1737?
7
What is the ten thousands digit of 41615?
4
What is the tens digit of 15436?
3
What is the tens digit of 8709?
0
What is the tens digit of 1631?
3
What is the hundreds digit of 2265?
2
What is the tens digit of 51951?
5
What is the hundreds digit of 33875?
8
What is the tens digit of 169?
6
What is the ten thousands digit of 52778?
5
What is the hundreds digit of 13726?
7
What is the units digit of 47480?
0
What is the tens digit of 21243?
4
What is the tens digit of 428?
2
What is the hundreds digit of 1664?
6
What is the hundreds digit of 722?
7
What is the tens digit of 717?
1
What is the units digit of 583?
3
What is the units digit of 2040?
0
What is the units digit of 977?
7
What is the tens digit of 3484?
8
What is the units digit of 9712?
2
What is the tens digit of 72?
7
What is the thousands digit of 3036?
3
What is the units digit of 1807?
7
What is the hundreds digit of 2382?
3
What is the units digit of 3215?
5
What is the thousands digit of 2232?
2
What is the hundreds digit of 18783?
7
What is the units digit of 70181?
1
What is the units digit of 93554?
4
What is the thousands digit of 23305?
3
What is the hundreds digit of 2390?
3
What is the thousands digit of 37937?
7
What is the hundreds digit of 2129?
1
What is the hundreds digit of 2796?
7
What is the units digit of 105436?
6
What is the tens digit of 127?
2
What is the tens digit of 4495?
9
What is the hundreds digit of 1847?
8
What is the hundreds digit of 3756?
7
What is the tens digit of 25627?
2
What is the hundreds digit of 2568?
5
What is the hundred thousands digit of 110205?
1
What is the units digit of 484?
4
What is the ten thousands digit of 51843?
5
What is the units digit of 1127?
7
What is the hundreds digit of 1891?
8
What is the units digit of 3016?
6
What is the hundreds digit of 279?
2
What is the ten thousands digit of 129624?
2
What is the hundreds digit of 119?
1
What is the units digit of 711?
1
What is the hundreds digit of 19816?
8
What is the units digit of 4388?
8
What is the tens digit of 1796?
9
What is the tens digit of 24015?
1
What is the ten thousands digit of 18362?
1
What is the hundreds digit of 2666?
6
What is the units digit of 23033?
3
What is the tens digit of 301?
0
What is the tens digit of 37120?
2
What is the thousands digit of 13681?
3
What is the tens digit of 2918?
1
What is the hundreds digit of 39861?
8
What is the units digit of 1538?
8
What is the ten thousands digit of 59800?
5
What is the units digit of 60070?
0
What is the hundreds digit of 3346?
3
What is the hundreds digit of 906?
9
What is the thousands digit of 1398?
1
What is the hundreds digit of 553?
5
What is the units digit of 982?
2
What is the tens digit of 127?
2
What is the hundreds digit of 1834?
8
What is the units digit of 3578?
8
What is the thousands digit of 3005?
3
What is the hundreds digit of 661?
6
What is the units digit of 9968?
8
What is the units digit of 89972?
2
What is the units digit of 3476?
6
What is the hundreds digit of 389?
3
What is the thousands digit of 30803?
0
What is the ten thousands digit of 11224?
1
What is the ten thousands digit of 21337?
2
What is the units digit of 473?
3
What is the units digit of 127?
7
What is the tens digit of 2629?
2
What is the thousands digit of 8718?
8
What is the units digit of 288?
8
What is the thousands digit of 1738?
1
What is the thousands digit of 41821?
1
What is the units digit of 1189?
9
What is the ten thousands digit of 86346?
8
What is the tens digit of 68139?
3
What is the units digit of 819?
9
What is the tens digit of 227?
2
What is the thousands digit of